s digit of 22493315?
5
What is the units digit of 78219699?
9
What is the tens digit of 68021891?
9
What is the tens digit of 105909134?
3
What is the hundreds digit of 2638618554?
5
What is the ten thousands digit of 11326591?
2
What is the ten millions digit of 145389667?
4
What is the hundreds digit of 963347338?
3
What is the hundreds digit of 5722884977?
9
What is the ten thousands digit of 437788799?
8
What is the hundred thousands digit of 99399025?
3
What is the ten millions digit of 636061854?
3
What is the millions digit of 4638422015?
8
What is the hundred millions digit of 553132583?
5
What is the thousands digit of 19958368?
8
What is the millions digit of 146809675?
6
What is the units digit of 75183862?
2
What is the units digit of 2212942?
2
What is the ten thousands digit of 98132491?
3
What is the hundred thousands digit of 39454872?
4
What is the millions digit of 234878720?
4
What is the billions digit of 1217152241?
1
What is the tens digit of 1054597476?
7
What is the hundred millions digit of 1268987566?
2
What is the ten thousands digit of 1401867838?
6
What is the hundreds digit of 647972191?
1
What is the tens digit of 425834530?
3
What is the units digit of 1693422035?
5
What is the ten thousands digit of 1305773177?
7
What is the tens digit of 50733303?
0
What is the millions digit of 1992069595?
2
What is the millions digit of 58123728?
8
What is the hundreds digit of 2311300074?
0
What is the ten thousands digit of 142286731?
8
What is the hundred thousands digit of 126430718?
4
What is the units digit of 778905175?
5
What is the ten millions digit of 1123329933?
2
What is the hundreds digit of 5909119?
1
What is the hundreds digit of 38949330?
3
What is the tens digit of 2002111458?
5
What is the hundreds digit of 249045406?
4
What is the ten millions digit of 152617201?
5
What is the hundred thousands digit of 154530235?
5
What is the hundreds digit of 2943699689?
6
What is the tens digit of 91125197?
9
What is the ten thousands digit of 59685626?
8
What is the tens digit of 1534911929?
2
What is the thousands digit of 2029298834?
8
What is the ten millions digit of 305492053?
0
What is the hundreds digit of 337902225?
2
What is the ten thousands digit of 30823802?
2
What is the millions digit of 62801954?
2
What is the millions digit of 1415970023?
5
What is the hundreds digit of 121637285?
2
What is the ten thousands digit of 43503628?
0
What is the hundred millions digit of 768526317?
7
What is the millions digit of 205527907?
5
What is the thousands digit of 72163061?
3
What is the ten thousands digit of 1037440470?
4
What is the millions digit of 451755313?
1
What is the millions digit of 74838875?
4
What is the millions digit of 242896975?
2
What is the hundreds digit of 933045100?
1
What is the ten thousands digit of 130244267?
4
What is the tens digit of 435105923?
2
What is the millions digit of 494847581?
4
What is the hundred thousands digit of 93258788?
2
What is the thousands digit of 1571821072?
1
What is the hundred thousands digit of 47564343?
5
What is the ten millions digit of 175831653?
7
What is the ten thousands digit of 54578049?
7
What is the ten thousands digit of 23101982?
0
What is the hundred thousands digit of 78964133?
9
What is the ten thousands digit of 58656735?
5
What is the units digit of 53932770?
0
What is the billions digit of 2437562414?
2
What is the ten thousands digit of 2267012302?
1
What is the millions digit of 439731631?
9
What is the tens digit of 4181863644?
4
What is the units digit of 1203409465?
5
What is the hundred millions digit of 963455247?
9
What is the tens digit of 680804191?
9
What is the tens digit of 13583023?
2
What is the tens digit of 43581865?
6
What is the billions digit of 2164283705?
2
What is the tens digit of 7544678?
7
What is the thousands digit of 26250454?
0
What is the hundreds digit of 835023452?
4
What is the tens digit of 509294777?
7
What is the thousands digit of 162702597?
2
What is the tens digit of 139730890?
9
What is the ten thousands digit of 15117012?
1
What is the ten millions digit of 66153986?
6
What is the ten thousands digit of 1022371915?
7
What is the millions digit of 55888816?
5
What is the millions digit of 627207517?
7
What is the ten millions digit of 3115156508?
1
What is the tens digit of 1034853344?
4
What is the millions digit of 30424902?
0
What is the hundred millions digit of 2312818981?
3
What is the thousands digit of 570944434?
4
What is the ten thousands digit of 248123355?
2
What is the thousands digit of 471643834?
3
What is the units digit of 88097610?
0
What is the units digit of 551283896?
6
What is the hundred thousands digit of 4836257173?
2
What is the millions digit of 83882562?
3
What is the billions digit of 1886044273?
1
What is the thousands digit of 1560481419?
1
What is the units digit of 6409725861?
1
What is the millions digit of 250541403?
0
What is the ten thousands digit of 116413213?
1
What is the hundred thousands digit of 27809850?
8
What is the ten millions digit of 234235539?
3
What is the ten millions digit of 434347536?
3
What is the hundred millions digit of 1267934922?
2
What is the billions digit of 1555869909?
1
What is the hundreds digit of 135768330?
3
What is the ten millions digit of 71568033?
7
What is the hundred thousands digit of 27833887?
8
What is the ten millions digit of 248584783?
4
What is the hundred thousands digit of 23899241?
8
What is the ten thousands digit of 28692841?
9
What is the ten millions digit of 27698621?
2
What is the thousands digit of 308186488?
6
What is the thousands digit of 60190518?
0
What is the ten thousands digit of 53204211?
0
What is the hundred millions digit of 104704046?
1
What is the thousands digit of 90288431?
8
What is the thousands digit of 870945579?
5
What is the tens digit of 15703887?
8
What is the ten thousands digit of 86653928?
5
What is the billions digit of 3542574390?
3
What is the thousands digit of 614986547?
6
What is the millions digit of 140485914?
0
What is the ten millions digit of 31700280?
3
What is the units digit of 55072273?
3
What is the hundred millions digit of 248192486?
2
What is the thousands digit of 1471350951?
0
What is the hundreds digit of 43750958?
9
What is the hundred millions digit of 2798169746?
7
What is the millions digit of 44914488?
4
What is the tens digit of 287881607?
0
What is the units digit of 835167216?
6
What is the units digit of 74475636?
6
What is the ten millions digit of 90138049?
9
What is the ten thousands digit of 38553662?
5
What is the tens digit of 1382773358?
5
What is the thousands digit of 2665344511?
4
What is the ten thousands digit of 328258160?
5
What is the thousands digit of 7402375?
2
What is the ten millions digit of 21254191?
2
What is the hundred millions digit of 102357414?
1
What is the hundred thousands digit of 4767075955?
0
What is the hundreds digit of 26030376?
3
What is the units digit of 105063269?
9
What is the thousands digit of 2682515562?
5
What is the thousands digit of 85112355?
2
What is the ten thousands digit of 229388479?
8
What is the hundreds digit of 2057520283?
2
What is the units digit of 2924772252?
2
What is the hundred thousands digit of 527698570?
6
What is the units digit of 102544414?
4
What is the billions digit of 5172635220?
5
What is the thousands digit of 56528436?
8
What is the ten thousands digit of 389576110?
7
What is the tens digit of 55644608?
0
What is the ten thousands digit of 97200333?
0
What is the hundreds digit of 7197485664?
6
What is the tens digit of 1120492237?
3
What is the ten thousands digit of 307968783?
6
What is the hundred thousands digit of 137781751?
7
What is the thousands digit of 159706443?
6
What is the tens digit of 52168017?
1
What is the millions digit of 20033496?
0
What is the ten millions digit of 180924824?
8
What is the hundred thousands digit of 652880333?
8
What is the ten thousands digit of 553021496?
2
What is the units digit of 192947766?
6
What is the hundreds digit of 41387339?
3
What is the hundred thousands digit of 48326517?
3
What is the millions digit of 120027215?
0
What is the millions digit of 45713699?
5
What is the hundred thousands digit of 4132903299?
9
Wh